{"id":55,"date":"2012-01-19T20:57:56","date_gmt":"2012-01-19T20:57:56","guid":{"rendered":"http:\/\/waldkindergarten-oettingen.de\/wakiga_wp\/?page_id=55"},"modified":"2026-08-18T21:58:15","modified_gmt":"2026-08-18T21:58:15","slug":"unser-team","status":"publish","type":"page","link":"https:\/\/waldkindergarten-oettingen.de\/wakiga_wp\/uber-uns\/unser-team\/","title":{"rendered":"Unser Team"},"content":{"rendered":"<p><strong>Unser Team\u00a0\u00a0\u00a0\u00a0\u00a0\u00a0\u00a0\u00a0\u00a0\u00a0\u00a0\u00a0\u00a0\u00a0\u00a0\u00a0\u00a0\u00a0\u00a0\u00a0\u00a0\u00a0\u00a0\u00a0\u00a0\u00a0\u00a0\u00a0\u00a0\u00a0\u00a0\u00a0\u00a0\u00a0\u00a0\u00a0\u00a0 Waldkindergartenjahr 2025\/26<\/strong><\/p>\n<p><strong>\u00a0<\/strong><\/p>\n<p><strong>Igelgruppe:<\/strong><\/p>\n<p>Nadine Kamm (Assistenzkraft)<\/p>\n<p>Franziska Krischdat (Erzieherin, Naturp\u00e4dagogin,\u00a0 Wildnisp\u00e4dagogin, C-Trainerin Triathlon)<\/p>\n<p>&nbsp;<\/p>\n<p><strong>Fuchs- und Elchgruppe:<\/strong><\/p>\n<p>Kerstin Lamla (Leitung, Dipl. P\u00e4d. Univ., Gestalttherapeutin f\u00fcr Kinder und Jugendliche)<\/p>\n<p>Sandra Linse (Sozialp\u00e4d. FH, Naturlehrerin\/ Waldp\u00e4dagogin)<\/p>\n<p>Marlene Dietrich (Praktikantin PIA 2. Ausbildungsjahr)<\/p>\n<p>&nbsp;<\/p>\n<p>&nbsp;<\/p>\n<p>&nbsp;<\/p>\n<p>&nbsp;<\/p>\n<p>&nbsp;<\/p>\n<p><em>\u00a0<\/em><\/p>\n<p>&nbsp;<\/p>\n","protected":false},"excerpt":{"rendered":"<p>Unser Team\u00a0\u00a0\u00a0\u00a0\u00a0\u00a0\u00a0\u00a0\u00a0\u00a0\u00a0\u00a0\u00a0\u00a0\u00a0\u00a0\u00a0\u00a0\u00a0\u00a0\u00a0\u00a0\u00a0\u00a0\u00a0\u00a0\u00a0\u00a0\u00a0\u00a0\u00a0\u00a0\u00a0\u00a0\u00a0\u00a0\u00a0 Waldkindergartenjahr 2025\/26 \u00a0 Igelgruppe: Nadine Kamm (Assistenzkraft) Franziska Krischdat (Erzieherin, Naturp\u00e4dagogin,\u00a0 Wildnisp\u00e4dagogin, C-Trainerin Triathlon) &nbsp; Fuchs- und Elchgruppe: Kerstin Lamla (Leitung, Dipl. P\u00e4d. Univ., Gestalttherapeutin f\u00fcr Kinder und Jugendliche) Sandra Linse (Sozialp\u00e4d. FH, Naturlehrerin\/ Waldp\u00e4dagogin) Marlene Dietrich (Praktikantin PIA 2. Ausbildungsjahr) &nbsp; &nbsp; &nbsp; &nbsp; &nbsp; \u00a0 &nbsp;<\/p>\n","protected":false},"author":1,"featured_media":0,"parent":6,"menu_order":0,"comment_status":"closed","ping_status":"closed","template":"","meta":{"footnotes":""},"class_list":["post-55","page","type-page","status-publish","hentry"],"jetpack_sharing_enabled":true,"_links":{"self":[{"href":"https:\/\/waldkindergarten-oettingen.de\/wakiga_wp\/wp-json\/wp\/v2\/pages\/55","targetHints":{"allow":["GET"]}}],"collection":[{"href":"https:\/\/waldkindergarten-oettingen.de\/wakiga_wp\/wp-json\/wp\/v2\/pages"}],"about":[{"href":"https:\/\/waldkindergarten-oettingen.de\/wakiga_wp\/wp-json\/wp\/v2\/types\/page"}],"author":[{"embeddable":true,"href":"https:\/\/waldkindergarten-oettingen.de\/wakiga_wp\/wp-json\/wp\/v2\/users\/1"}],"replies":[{"embeddable":true,"href":"https:\/\/waldkindergarten-oettingen.de\/wakiga_wp\/wp-json\/wp\/v2\/comments?post=55"}],"version-history":[{"count":74,"href":"https:\/\/waldkindergarten-oettingen.de\/wakiga_wp\/wp-json\/wp\/v2\/pages\/55\/revisions"}],"predecessor-version":[{"id":4182,"href":"https:\/\/waldkindergarten-oettingen.de\/wakiga_wp\/wp-json\/wp\/v2\/pages\/55\/revisions\/4182"}],"up":[{"embeddable":true,"href":"https:\/\/waldkindergarten-oettingen.de\/wakiga_wp\/wp-json\/wp\/v2\/pages\/6"}],"wp:attachment":[{"href":"https:\/\/waldkindergarten-oettingen.de\/wakiga_wp\/wp-json\/wp\/v2\/media?parent=55"}],"curies":[{"name":"wp","href":"https:\/\/api.w.org\/{rel}","templated":true}]}}

<p><strong>Unser Team                                      Waldkindergartenjahr 2025/26</strong></p>
<p><strong> </strong></p>
<p><strong>Igelgruppe:</strong></p>
<p>Nadine Kamm (Assistenzkraft)</p>
<p>Franziska Krischdat (Erzieherin, Naturpädagogin,  Wildnispädagogin, C-Trainerin Triathlon)</p>
<p>&nbsp;</p>
<p><strong>Fuchs- und Elchgruppe:</strong></p>
<p>Kerstin Lamla (Leitung, Dipl. Päd. Univ., Gestalttherapeutin für Kinder und Jugendliche)</p>
<p>Sandra Linse (Sozialpäd. FH, Naturlehrerin/ Waldpädagogin)</p>
<p>Marlene Dietrich (Praktikantin PIA 2. Ausbildungsjahr)</p>
<p>&nbsp;</p>
<p>&nbsp;</p>
<p>&nbsp;</p>
<p>&nbsp;</p>
<p>&nbsp;</p>
<p><em> </em></p>
<p>&nbsp;</p>

<p>Unser Team                                      Waldkindergartenjahr 2025/26   Igelgruppe: Nadine Kamm (Assistenzkraft) Franziska Krischdat (Erzieherin, Naturpädagogin,  Wildnispädagogin, C-Trainerin Triathlon) &nbsp; Fuchs- und Elchgruppe: Kerstin Lamla (Leitung, Dipl. Päd. Univ., Gestalttherapeutin für Kinder und Jugendliche) Sandra Linse (Sozialpäd. FH, Naturlehrerin/ Waldpädagogin) Marlene Dietrich (Praktikantin PIA 2. Ausbildungsjahr) &nbsp; &nbsp; &nbsp; &nbsp; &nbsp;   &nbsp;</p>
